ctor of 2392 and 37336?
104
What is the greatest common factor of 2205 and 28935?
45
What is the highest common factor of 115020 and 4?
4
Calculate the highest common divisor of 74890 and 20.
10
What is the highest common factor of 1105 and 595?
85
Calculate the greatest common factor of 412307 and 21.
7
What is the greatest common factor of 11875 and 140625?
625
What is the highest common factor of 5328 and 8352?
144
Calculate the highest common factor of 12540 and 408.
12
What is the greatest common factor of 13549 and 34?
17
What is the greatest common factor of 18924 and 532?
76
Calculate the greatest common divisor of 3200 and 2575.
25
Calculate the greatest common divisor of 20980 and 120.
20
Calculate the highest common divisor of 150120 and 17280.
1080
What is the greatest common factor of 32910 and 4?
2
What is the greatest common divisor of 351 and 677889?
27
Calculate the highest common factor of 587 and 11153.
587
What is the highest common divisor of 126 and 77112?
126
Calculate the greatest common factor of 363 and 144672.
33
What is the highest common divisor of 3365 and 246991?
673
Calculate the highest common divisor of 51669 and 36.
9
What is the greatest common factor of 14520529 and 163?
163
Calculate the highest common divisor of 6 and 45546.
6
What is the greatest common divisor of 2492 and 16?
4
What is the highest common divisor of 59 and 67496?
59
What is the highest common divisor of 3280 and 88?
8
Calculate the highest common factor of 4104 and 306558.
54
What is the greatest common factor of 459020 and 34220?
1180
Calculate the highest common factor of 28 and 80374.
14
Calculate the highest common factor of 15247 and 158.
79
Calculate the highest common factor of 168 and 447.
3
Calculate the greatest common factor of 57 and 6549.
3
What is the greatest common divisor of 7 and 2425584?
7
Calculate the greatest common factor of 4361 and 1323.
49
What is the greatest common divisor of 121 and 1901?
1
What is the greatest common factor of 1394 and 7305954?
1394
What is the highest common factor of 579 and 72761?
193
What is the highest common divisor of 74 and 35557?
37
What is the highest common divisor of 210 and 969675?
105
What is the greatest common divisor of 161736 and 43657?
293
What is the highest common factor of 38475 and 243?
81
What is the highest common divisor of 165 and 538780?
55
Calculate the highest common factor of 64158 and 1998.
222
What is the greatest common divisor of 32 and 328672?
32
What is the greatest common factor of 17498 and 689?
13
What is the greatest common divisor of 4352 and 360128?
1088
What is the highest common divisor of 26061 and 476?
119
What is the greatest common factor of 658 and 5099829?
329
Calculate the highest common divisor of 96 and 7236.
12
Calculate the greatest common factor of 217 and 77.
7
What is the highest common divisor of 763390 and 40?
10
What is the highest common divisor of 3360 and 2268?
84
Calculate the greatest common factor of 86216 and 520.
104
Calculate the highest common factor of 53 and 376777.
53
Calculate the greatest common divisor of 24721 and 92599.
419
What is the greatest common factor of 54 and 8334?
18
What is the greatest common factor of 3720 and 8618?
62
Calculate the highest common factor of 8180 and 3230.
10
Calculate the highest common factor of 630 and 718410.
210
What is the greatest common divisor of 357687 and 693?
99
Calculate the greatest common factor of 1664 and 3692.
52
Calculate the greatest common divisor of 7000 and 1064.
56
Calculate the highest common divisor of 538 and 3276958.
538
Calculate the highest common factor of 836 and 41591.
209
What is the highest common factor of 133 and 225169?
133
What is the highest common factor of 682 and 418?
22
Calculate the highest common divisor of 794 and 929377.
397
Calculate the highest common divisor of 84 and 9758.
14
Calculate the greatest common factor of 17 and 128775.
17
What is the highest common factor of 278 and 156097?
139
Calculate the greatest common factor of 2800 and 45800.
200
What is the greatest common divisor of 5 and 400885?
5
What is the highest common factor of 157919 and 67?
67
Calculate the greatest common factor of 200 and 20408.
8
Calculate the highest common factor of 36 and 380412.
36
Calculate the greatest common factor of 38 and 395162.
38
Calculate the highest common divisor of 240368 and 80.
16
What is the greatest common factor of 20 and 9755?
5
What is the greatest common divisor of 108 and 305883?
27
Calculate the highest common factor of 19936 and 44240.
112
Calculate the highest common divisor of 17700 and 236.
236
What is the highest common divisor of 11085 and 285?
15
Calculate the highest common factor of 1904 and 11016.
136
Calculate the highest common divisor of 1200 and 48900.
300
What is the highest common divisor of 1032 and 222267?
129
What is the highest common factor of 352096 and 128?
32
What is the highest common factor of 1905 and 6465?
15
Calculate the highest common factor of 130704 and 3696.
336
What is the greatest common divisor of 959 and 8083?
137
What is the highest common factor of 6 and 30735?
3
Calculate the greatest common divisor of 160 and 589880.
40
What is the greatest common divisor of 592 and 1420652?
148
What is the greatest common factor of 7362 and 576?
18
What is the greatest common divisor of 160 and 64?
32
What is the greatest common factor of 6409 and 247312?
377
Calculate the highest common factor of 475850 and 124.
62
Calculate the highest common divisor of 45419 and 44.
11
What is the highest common divisor of 102800 and 1168?
16
What is the greatest common factor of 921 and 4908930?
921
Calculate the greatest common factor of 648 and 2648.
8
Calculate the greatest common factor of 693 and 672.
21
What is the highest common factor of 1220 and 199420?
20
Calculate the highest common factor of 120 and 319740.
60
What is the greatest common factor of 3738 and 23394?
42
Calculate the greatest common factor of 300 and 389100.
300
What is the greatest common factor of 531 and 2231793?
531
Calculate the greatest common divisor of 228208 and 102.
34
What is the highest common factor of 7072 and 2176?
544
What is the greatest common factor of 9460 and 330?
110
What is the greatest common divisor of 5252 and 1919?
101
Calculate the greatest common divisor of 554120 and 24.
8
Calculate the greatest common factor of 225 and 776025.
225
Calculate the greatest common divisor of 2370 and 11117670.
2370
Calculate the greatest common divisor of 4012 and 1751238.
2006
What is the highest common factor of 575 and 7815400?
575
What is the greatest common factor of 162358 and 238?
14
Calculate the highest common factor of 27 and 279099.
27
What is the highest common divisor of 221 and 21675?
17
Calculate the greatest common divisor of 103793 and 2981.
271
What is the greatest common factor of 92575 and 735?
35
What is the greatest common divisor of 7350 and 56?
14
Calculate the greatest common divisor of 314265 and 101885.
1435
Calculate the highest common factor of 84 and 750204.
84
Calculate the highest common factor of 15 and 125835.
15
Calculate the highest common factor of 74660 and 100.
20
What is the highest common factor of 1075 and 106941?
43
What is the highest common divisor of 5825 and 7550?
25
What is the highest common factor of 1651 and 1092073?
127
What is the highest common divisor of 127770 and 255?
15
Calculate the highest common divisor of 785 and 459539.
157
What is the greatest common factor of 6880 and 1935?
215
What is the greatest common factor of 1027 and 293643?
79
What is the highest common divisor of 39 and 72591?
3
What is the highest common factor of 265 and 69112?
53
What is the greatest common factor of 4945038 and 42?
42
Calculate the highest common divisor of 726 and 108306.
66
What is the greatest common divisor of 731 and 5246?
43
What is the greatest common factor of 207382 and 42?
14
What is the greatest common divisor of 462 and 9562?
14
Calculate the highest common factor of 438 and 2041518.
438
What is the highest common divisor of 1952941 and 2386?
1193
Calculate the highest common divisor of 2994531 and 69.
69
Calculate the highest common divisor of 2561 and 1105.
13
Calcul